).
-2927
Let s(p) = 136*p - 2345. Determine s(18).
103
Let c(f) = f**3 + 218*f**2 + 11440*f - 59. Determine c(-130).
-59
Let q(f) = -2*f**3 + 9*f**2 + 1162*f - 4660. Calculate q(4).
4
Let i(o) = 40*o + 8350. What is i(-276)?
-2690
Let z(w) = -w**3 + 141*w**2 + 154*w + 40033. Calculate z(144).
1
Let y(m) = 199*m - 4281. Determine y(22).
97
Let g(s) = s**2 - 187*s - 10664. Determine g(-48).
616
Let a(j) = j**3 + 41*j**2 + 184*j + 242. Calculate a(-36).
98
Let w(u) = u**3 - 107*u**2 + 33*u - 3504. Determine w(107).
27
Let c(s) = s**2 + 1428*s + 171408. Determine c(-132).
336
Let l(w) = -4*w**3 + 97*w**2 + 257*w - 94. Give l(27).
-1174
Let g(v) = -2*v**2 - 353*v + 4071. Give g(11).
-54
Let a(f) = -995357*f + 34837494. What is a(35)?
-1
Let v(l) = -54082*l + 6003101. Determine v(111).
-1
Let v(x) = -x**2 - 206*x + 16349. Give v(66).
-1603
Let w(s) = -s**3 - 114*s**2 - 651*s - 326. What is w(-108)?
-2
Let t(g) = 8*g**2 - 34*g + 66. What is t(4)?
58
Let a(v) = -134*v**3 - 924*v**2 + 123*v + 176. Determine a(-7).
1
Let v(y) = 191*y + 13646. Calculate v(-69).
467
Let x(k) = 15320*k - 91924. What is x(6)?
-4
Let n(a) = -308487*a + 2467905. What is n(8)?
9
Let u(p) = -p**3 - 17*p**2 - 10972*p - 109012. What is u(-10)?
8
Let c(u) = u**2 + 103*u + 109. What is c(-41)?
-2433
Let m(t) = 99*t**2 - 8*t - 95. Calculate m(-3).
820
Let c(d) = 1973*d - 520871. Determine c(264).
1
Let q(i) = 1385*i + 14280. Calculate q(-10).
430
Let m(y) = -211975*y + 2119758. Calculate m(10).
8
Let t(a) = a**2 + 16824*a - 16825. What is t(1)?
0
Let m(x) = -x**2 + 107*x + 417. Determine m(31).
2773
Let j(t) = 2*t**2 + 50*t - 16. Calculate j(-6).
-244
Let o(t) = t**3 + 82*t**2 - 604*t - 385. Calculate o(-89).
-2076
Let d(g) = -300*g - 44270. What is d(-141)?
-1970
Let i(f) = 26*f**3 - 1560*f**2 - 2. What is i(60)?
-2
Let h(z) = z**2 - 126*z - 3499. Give h(149).
-72
Let j(a) = 5263*a - 37158. What is j(7)?
-317
Let m(f) = -3*f**3 + 9*f**2 + 56*f - 230. Determine m(3).
-62
Let y(p) = 2*p**3 - 508*p**2 + 18807*p + 153. Determine y(209).
-474
Let p(u) = 238*u - 2745. Give p(11).
-127
Let l(n) = -193*n**2 - 58496*n + 58497. What is l(1)?
-192
Let d(k) = -3*k**2 + 1567*k - 24248. What is d(16)?
56
Let t(n) = 7*n**3 - 99*n**2 + 92*n - 976. Calculate t(10).
-2956
Let r(s) = -s**3 + 177*s**2 - 2145*s - 22. Give r(13).
-191
Let f(y) = 12986*y - 402564. Determine f(31).
2
Let x(y) = -11*y**3 - 76*y**2 - 173*y - 17. Determine x(-2).
113
Let o(d) = d**3 + 82*d**2 + 1681*d + 289. Determine o(-39).
133
Let n(c) = -405*c + 98034. Determine n(233).
3669
Let t(g) = -g**2 - 2011*g - 32003. What is t(-16)?
-83
Let o(t) = t**3 - 4*t**2 - 30*t - 18. What is o(0)?
-18
Let b(g) = -g**3 - 67*g**2 + 1164*g + 81170. Calculate b(-66).
-10
Let c(l) = -7*l**3 + 1296*l**2 - 2747*l + 375. Give c(183).
9
Let n(c) = c**3 + 30*c**2 + 113*c - 1225. What is n(-25)?
-925
Let f(x) = x**3 - 147*x**2 - 1121*x + 920. Calculate f(-8).
-32
Let l(q) = -159*q**2 + 111*q - 390. Give l(5).
-3810
Let d(t) = -t**2 + 31*t - 799. Calculate d(32).
-831
Let h(y) = -2*y**3 + 58*y**2 - 25*y + 715. Determine h(29).
-10
Let r(u) = -3*u**3 - 221*u**2 + 71*u + 132. Give r(-74).
354
Let j(a) = 2*a**3 + 39*a**2 + 5471*a + 109835. What is j(-20)?
15
Let b(u) = -u**2 + 138*u - 266. Calculate b(2).
6
Let n(p) = -2*p**2 - 562*p - 35187. Calculate n(-185).
333
Let h(j) = j**3 - 651*j**2 + 7061*j - 176. What is h(11)?
55
Let l(o) = 172*o**3 + 5*o**2 + 7*o + 9. Calculate l(-3).
-4611
Let q(g) = g**3 - 8*g**2 - 330*g + 183. Calculate q(22).
-301
Let s(b) = 10278*b - 339169. Give s(33).
5
Let r(j) = 18*j**2 + 535*j + 3925. Give r(-16).
-27
Let t(x) = -2*x**2 - 366*x - 15952. Give t(-109).
180
Let n(m) = 2*m**3 + 235*m**2 - 178*m + 21311. What is n(-119)?
10
Let p(c) = -64754*c + 518052. Give p(8).
20
Let i(j) = -3446*j - 337837. Determine i(-98).
-129
Let o(i) = i**3 + 378*i**2 - 235*i - 230797. What is o(-377)?
-73
Let s(v) = -2*v**2 + 1228*v + 13752. Determine s(-11).
2
Let a(j) = -7*j + 1093. Give a(113).
302
Let v(t) = 6*t**3 + 2282*t**2 - 3819*t + 398. Give v(-382).
16
Let r(k) = 12579*k - 301886. Calculate r(24).
10
Let x(h) = h**2 + 75*h - 1721. Calculate x(-94).
65
Let k(u) = u**3 - 48*u**2 + 339*u - 2340. Determine k(42).
1314
Let f(r) = -5810*r - 5779. Determine f(-1).
31
Let d(i) = -6*i**3 + 8*i**2 - 39*i + 4. Give d(2).
-90
Let m(w) = 5*w**2 - 4171*w + 16688. Determine m(4).
84
Let d(a) = -a**3 - 260*a**2 - 1783*a + 12. What is d(-7)?
96
Let i(d) = -4*d**3 - 7*d**2 + 32*d - 88. Calculate i(6).
-1012
Let y(o) = 2*o**2 - 141*o + 1052. Calculate y(8).
52
Let w(d) = 15*d**3 - 3569*d**2 - 237*d + 32. Determine w(238).
270
Let k(i) = -8627*i - 77639. What is k(-9)?
4
Let k(b) = -3245*b + 74715. Give k(23).
80
Let r(w) = 305*w + 13115. Determine r(-43).
0
Let z(a) = 2*a**3 - 7*a**2 + 1462*a + 10328. Calculate z(-7).
-935
Let f(w) = w**2 + 46*w - 8968. Calculate f(-119).
-281
Let d(l) = 2*l**3 - 565*l**2 + 281*l + 278. Calculate d(282).
-4
Let s(n) = -19*n**2 - 962*n + 26840. Calculate s(20).
0
Let l(j) = 424*j + 140780. Determine l(-332).
12
Let m(x) = -27*x**3 + 8*x**2 - 135*x + 245. Give m(2).
-209
Let x(y) = -2389*y + 281. Give x(0).
281
Let k(g) = 222*g + 7945. Determine k(-36).
-47
Let t(d) = 43590*d + 1482063. Give t(-34).
3
Let a(b) = -b**3 + 2*b**2 + 1035*b + 3083. Calculate a(-3).
23
Let b(i) = 269*i**3 - 5379*i**2 + 130*i - 3014. Determine b(20).
-14
Let i(r) = 2683*r**2 - 69807*r + 1278. Determine i(26).
4
Let s(n) = n**3 + 21*n**2 - 14969*n - 299788. Determine s(-20).
-8
Let q(u) = u**2 + 57*u - 6892. What is q(-117)?
128
Let m(t) = 5843*t + 23234. Determine m(-4).
-138
Let o(r) = -2*r**3 - 60*r**2 - 315*r + 148. Give o(-23).
-13
Let a(w) = -1803*w + 4919. Determine a(3).
-490
Let g(s) = -345*s - 29475. Give g(-86).
195
Let v(i) = 3*i**3 + 1480*i**2 - 1133*i - 71634. Determine v(-494).
-4
Let h(r) = -2*r**2 - 196*r + 2462. Calculate h(11).
64
Let a(d) = -249*d - 817. Determine a(-5).
428
Let p(q) = 7*q**2 - 121*q + 485. Determine p(15).
245
Let f(r) = -19*r**2 + 256*r + 1335. What is f(-5)?
-420
Let j(r) = 4*r**2 + 1239*r - 6267. What is j(5)?
28
Let a(g) = -242790*g + 485586. Calculate a(2).
6
Let a(n) = 41*n**2 + 25*n - 106. What is a(-5)?
794
Let n(s) = -10392*s - 114312. What is n(-11)?
0
Let f(u) = 8*u**2 + 124*u - 12164. Give f(32).
-4
Let t(q) = -3185*q + 17594. Calculate t(5).
1669
Let b(z) = 381*z**3 - 3*z**2 - 179*z - 177. What is b(-1)?
-382
Let j(f) = -36544*f - 730899. Determine j(-20).
-19
Let n(b) = b**3 - 105*b**2 + 92*b + 876. What is n(104)?
-372
Let g(l) = -l**3 - l**2 - 103*l + 328. What is g(4)?
-164
Let x(z) = -29532*z + 1181227. Determine x(40).
-53
Let p(r) = 18*r**2 + 4176*r - 4176. Calculate p(1).
18
Let s(i) = i**2 - 5184*i + 134109. Calculate s(26).
1
Let z(w) = -w**3 - 277*w**2 - 5893*w - 1174. What is z(-23)?
-1
Let o(j) = 14*j**2 + 487*j + 43. Give o(-36).
655
Let q(i) = -36025*i + 756533. Determine q(21).
8
Let s(i) = -8184*i - 360185. Give s(-44).
-89
Let j(l) = 4*l**3 - 30*l**2 + 89*l - 553. Calculate j(7).
-28
Let l(r) = 3112*r + 11272. Calculate l(-3).
1936
Let k(t) = 16*t**3 - 36*t**2 + 181*t - 3. Determine k(4).
1169
Let l(q) = -260*q**2 - 2441*q + 3. Calculate l(-10).
-1587
Let t(h) = 9*h**2 + 10*h + 4. Calculate t(2).
60
Let c(w) = -83*w - 1989. What is c(-28)?
335
Let k(t) = 136*t - 9834. Calculate k(68).
-586
Let t(l) = 1681*l + 58935. Determine t(-35).
100
Let x(q) = -36*q**2 + 3286*q - 19142. Calculate x(85).
68
Let g(l) = l**3 + 41*l**2 - 59*l - 4035. Calculate g(-40).
-75
Let k(h) = h**3 - 82*h**2 + 903*h - 154. Calculate k(69).
260
Let g(w) = w**3 + 29*w**2 - 145*w - 4980. Give g(-28).
-136
Let j(x) = -94*x - 2934. What is j(-31)?
-20
Let j(z) = -478*z + 30122. Calculate j(63).
8
Let s(g) = -17757*g + 6605638. Calculate s(372).
34
Let h(s) = 3*s**2 + 167*s + 141. Calculate h(-49).
-839
Let p(c) = 8*c**2 + 218*c + 1123. What is p(-20)?
-37
Let y(l) = 450*l**2 + 285*l - 17. What is y(-1)?
148
Let o(i) = -1823*i - 39206. Calculate o(-20).
-2746
Let q(l) = 9061*l - 63443. Give q(7).
-16
Let y(w) = -16*w**3 - 1252*w**2 + 1026*w + 6186. Calculate y(-79).
24
Let w(a) = -a**3 - 141*a**2 + 585*a + 541. Determine w(-145).
-184
Let a(c) = -3*c**2 + 178*c + 1140. Determine a(65).
35
Let g(p) = -p